4*o = 5*z - 1069, i*z - 643 = -z + 2*o. What is the tens digit of z?
1
Let f(q) = 25*q**3 - q**2 + q + 1. Let o be f(2). Suppose o = -0*p + p. What is the units digit of p?
9
Let f be 625/11 + 8/44. Let g be (-544)/(-6) + (-38)/f. Let n = 153 - g. What is the tens digit of n?
6
Let t(s) = 2*s**2 + 96*s - 55. What is the units digit of t(-49)?
3
Let b(m) = 8*m + 23*m - 38*m - 16. What is the tens digit of b(-9)?
4
Suppose -6354 + 288 = -3*v. What is the thousands digit of v?
2
Let o(m) = -m**2 - 5*m - 2. Let z(r) = -r**2 - 4. Let f be (0/(-1))/(2*-1). Let v be z(f). What is the units digit of o(v)?
2
Suppose -11*s = -38 - 17. Suppose -465 = -3*l + s*g, 0*g - 2*g = 4*l - 594. What is the tens digit of l?
5
Suppose -f + 5*j = -158, 5*f + 6*j - 846 = 3*j. Suppose -3*z = 4*n - 168, -z = 2*z + 5*n - f. Let h = z - 20. What is the units digit of h?
6
Suppose 0 = 2*d + 2*d - 28. What is the units digit of d/(-35) - 342/(-10)?
4
Suppose -3*a + 35 + 16 = 0. Suppose 3*k + a = 4*k - 5*z, -3*k = 3*z - 105. What is the tens digit of k?
3
Suppose 5*j + 11 = 91. Suppose -j = -3*w + 29. What is the units digit of 3 - (w/(-3) - -2)?
6
Let i = -155 + 74. Suppose 3*g = -g - 216. Let a = g - i. What is the units digit of a?
7
Let c(l) = 9*l - 6. Let r be c(5). Let n = r - 20. Let s = n - 14. What is the units digit of s?
5
Let n(a) = 2*a - 9. Let t(i) = 19*i**2 + 2*i. Let d be t(-1). What is the units digit of n(d)?
5
Let p(r) = -r + 11. Let x be p(5). Suppose -x*j + 9*j = -54. What is the units digit of (j/(-15))/(6/105)?
1
Let g be ((-3)/2)/((-24)/4640). Suppose 0 = -2*b - 4*i + 104, 0 = -5*b - 3*i - i + g. Suppose 0 = -n - a + 23, 3*n - a = 3*a + b. What is the units digit of n?
2
Suppose -13*b = -5552 - 701. What is the units digit of b?
1
Suppose 5*r = 5*o - 2955, -5*o + 2934 = 2*r - 0*r. What is the tens digit of o?
8
Let q(t) = -2*t - 16. Let v be q(-9). Suppose v*z - 1 - 23 = 0. What is the units digit of z?
2
Let j(w) = w + 4. Let k be j(-8). Let s(g) = g**2 + 3*g - 4. Let t be s(k). Suppose 8 = 4*x - t*x. What is the units digit of x?
2
Let c(b) = -3*b + 21. Suppose -18*o + 25 = -13*o. What is the units digit of c(o)?
6
Let c = 0 - -25. Let t = -19 + c. What is the units digit of t?
6
Let a(p) = 4*p - 12. Suppose -18*q - 34 = -20*q. What is the units digit of a(q)?
6
Suppose 8*n + 361 = -175. Let y = 126 - n. What is the hundreds digit of y?
1
Suppose -o - 4*p + 689 = 0, -43*o + 41*o = -5*p - 1339. What is the units digit of o?
7
Let q be 2*(-6)/(-4) + 5. Let p = 8 - q. Suppose p = c + 2*c - 69. What is the tens digit of c?
2
Suppose 0*a = -2*a + 2. Let g = 4 + -3. What is the units digit of (2/a + 9)/g?
1
Suppose 3*k + 0*k = -5*d + 68, -2*k + d = -54. Let x = k - 22. Suppose -x*y + 10 = -22. What is the units digit of y?
8
Suppose 3*o + 0*z = -4*z + 1, -3*o + z = 4. Let r = o + 4. Let q = r - -38. What is the tens digit of q?
4
Suppose -3*w - 16 = -7*w. Let k be (-2*6)/w - -3. Suppose 0 = -k*p - 4*p - 4*x + 44, 5*x - 11 = -p. What is the units digit of p?
1
Let m(j) = -j**3 - 3*j**2 + 7*j + 1. What is the hundreds digit of m(-10)?
6
Suppose 11*v - 4377 = -5*r + 10*v, -1743 = -2*r - 3*v. What is the tens digit of r?
7
What is the hundreds digit of 1505 + -85 + 1 + 3?
4
Suppose 0 = -3*p + 2*p - 5. Let w(a) = 5*a**2 - 7*a - 23. What is the hundreds digit of w(p)?
1
Suppose 13*a = 14*a. Suppose -5*p + 162 + 13 = a. What is the tens digit of p?
3
Let l(x) = 7*x**2 - 18*x + 34. Let u(j) = -4*j**2 + 9*j - 17. Let v(k) = 3*l(k) + 5*u(k). What is the tens digit of v(12)?
5
Let d be 6/(-15) + 234/(-15). Let h(u) = -u**2 - 18*u - 19. Let w be h(d). What is the tens digit of -3 + (2 - -2) + w?
1
Let n be (3 - 3 - 3)/(-1). Suppose 11 = n*a - 1. Suppose -36 = -a*i + 40. What is the units digit of i?
9
Let l(c) = c**3 + 4*c**2 + 5*c - 9. What is the tens digit of l(7)?
6
Let r = 67 - -383. Let l = r - 281. What is the tens digit of l?
6
Let x = -533 + 817. Suppose -x = -8*a + 4*a. What is the units digit of a?
1
Suppose 2*r = 7*r - 30. Suppose -h - 4 = -r. Suppose h*z = -3*z + 115. What is the units digit of z?
3
Let y = -334 - -693. Let p = y + -232. What is the tens digit of p?
2
Suppose 7*k = 106 + 153. Let v = 41 + k. What is the units digit of v?
8
Let q = -2 + 4. Suppose -4*v + 2 = -q. Let h = 3 + v. What is the units digit of h?
4
Let r = -926 - -2224. What is the hundreds digit of r?
2
Suppose -4*w = 4*t - 1381 - 619, -4*w - 16 = 0. What is the units digit of t?
4
Suppose 0 = -5*d + 20, -d - 24 = 4*x - 2*d. Let k(p) = -57*p + 11. What is the hundreds digit of k(x)?
2
Suppose b - a = 236, -3*b + 0*b + 712 = -a. Let j = b + -130. What is the hundreds digit of j?
1
Let d(g) = 889*g - 161. What is the units digit of d(2)?
7
Suppose -2*c - 2*c + 113 = 3*z, -2*z = c - 72. Let v be -105*(34/21 + 8/(-28)). What is the tens digit of 5/(v/(-24))*z?
3
Suppose 2*u - 3*u = 157. Let g(j) = -27*j**2 + 3*j + 2. Let t be g(-2). Let m = t - u. What is the units digit of m?
5
Suppose -5*w - 75 = -10*w. Suppose 2*h + w = 5*h. Suppose -4*x - x = -v + 21, 0 = -h*v - 3*x + 21. What is the units digit of v?
6
Let k(j) = 11*j**2 + 43*j + 217. What is the hundreds digit of k(-9)?
7
Suppose -5*k + 103 = -t + 12, -3*k = -15. Let s = t + -18. Let x = -29 - s. What is the tens digit of x?
5
Let c = -5 + 62. What is the tens digit of c?
5
Suppose 5*x + 50 = -5*j, 25 - 5 = -j + x. Let u(k) = -4*k - 8. Let w be u(j). Suppose l + l = w. What is the tens digit of l?
2
Suppose 5*w = -0*w + 290. What is the units digit of 1/2 + 10759/w?
6
Suppose o + 318 = 4*o. Suppose 70 = 8*i - o. What is the units digit of i?
2
Let z be (-1)/(3/6) - -2. Let l be (-1)/(-4 - z - -5). What is the units digit of 19 + 3 + 3 + l?
4
Let h be -1*(0 - (-1 + 0)). What is the units digit of (-382)/(-4) - h/2?
6
What is the units digit of 3*(-6)/(-21)*(-4928)/(-12)?
2
Suppose 0*h + 28 = -3*l - 5*h, h + 4 = l. Let j(f) be the second derivative of -f**3 - f**2/2 - 2*f + 9. What is the units digit of j(l)?
5
Let l = -60 + 59. Let w(k) = 72*k**2 + 7*k + 6. What is the units digit of w(l)?
1
Suppose -2*a - r + 218 = -5*r, -3*a = 4*r - 337. Let s = 13 + a. What is the units digit of s?
4
Let n(u) = 42*u - 224. What is the units digit of n(22)?
0
Let c(s) = -7*s + 24. Let w(f) = -f - 34. Let k be w(-16). What is the units digit of c(k)?
0
Suppose -96 = -5*p + 2*i, 3*p - p + 3*i - 46 = 0. Let z be ((-22)/(-55))/(1/p). What is the units digit of (10 + z)/(0 + 2)?
9
Let r(w) = 4*w**2 - 2*w - 2. Let l(y) = 8*y**2 - 5*y - 4. Let n(i) = -3*l(i) + 7*r(i). Let u be n(2). Let m = u + -11. What is the units digit of m?
5
Let h(i) = 4*i - 1. Let m be h(1). Let j be -1 - (2 - m)*-1. Let d(f) = 2*f**2 - f - 2. What is the units digit of d(j)?
8
Let m(l) be the second derivative of l**5/20 + l**3/3 - l**2/2 - l. Suppose 0 = 5*k + 4*z - 6, 4*k - 3*z - 7 = 4. What is the units digit of m(k)?
1
Let h(k) = 18*k**3 - 4*k**2 + 7*k - 2. What is the units digit of h(2)?
0
Let m(x) = 5*x**2 + 2*x + 1. Let v be m(-1). Let d be 95/(-10) - (-2)/v. Let g = d - -51. What is the units digit of g?
2
Let y(c) = c**2. Let q(a) = 3*a**2 - 19*a + 19. Let v(k) = -q(k) + 2*y(k). What is the units digit of v(15)?
1
Suppose -l = m - 355, -m - 5*l = -3*l - 350. Suppose -4*i - 5*t = -m + 77, 246 = 3*i - 3*t. What is the tens digit of i?
7
Suppose -18*x = -1155 - 3795. What is the tens digit of x?
7
Suppose 7*a - 4*a - 54 = 5*h, a + h - 10 = 0. Suppose -a*p = -9*p - 276. What is the tens digit of p?
6
Let v be 10/2*(-10)/(-25). Let q be v/8 + (-497)/(-28). Let c = -1 + q. What is the units digit of c?
7
Let i(k) = k**2 - 7*k - 8. Let j(f) = 2*f**2 - 15*f - 17. Let m(u) = 13*i(u) - 6*j(u). What is the tens digit of m(-3)?
1
Suppose 0 = -9*r + 10*r - 1073. What is the hundreds digit of r?
0
Let d be (-2 + 0)/(2/(-5)). Suppose d*y + 176 = -3*y. What is the tens digit of (y/(-3))/(28/42)?
1
Suppose -341 = -4*p - 121. What is the units digit of p?
5
Let i = -30 - -45. Suppose 4*x = d + 11, -i = 2*x + 5*d - 4. Suppose -3*t + x*t + 16 = p, 4*t = 4. What is the tens digit of p?
1
What is the units digit of 1 - 36/9 - -474?
1
Suppose 5*v - 5*z = 1305, 5*v - 243 = -4*z + 1053. Suppose 4*i + 5*o = o + 208, o = -5*i + v. What is the units digit of i?
2
Let o = 88 + -29. What 